[INFO] cloning repository https://github.com/levpaul/bevy_boiler
[INFO] running `Command { std: "git" "-c" "credential.helper=" "-c" "credential.helper=/workspace/cargo-home/bin/git-credential-null" "clone" "--bare" "https://github.com/levpaul/bevy_boiler" "/workspace/cache/git-repos/https%3A%2F%2Fgithub.com%2Flevpaul%2Fbevy_boiler", kill_on_drop: false }`
[INFO] [stderr] Cloning into bare repository '/workspace/cache/git-repos/https%3A%2F%2Fgithub.com%2Flevpaul%2Fbevy_boiler'...
[INFO] running `Command { std: "git" "rev-parse" "HEAD", kill_on_drop: false }`
[INFO] [stdout] 8611b91dfccce9009014c5edc4a331afbe031884
[INFO] checking levpaul/bevy_boiler against 40527f3e444fde1deb361751bdef9b9e11d1b971+rustflags=--cfg crater_hack --force-warn invalid-c-variadic-arguments for pr-162478
[INFO] running `Command { std: "git" "clone" "/workspace/cache/git-repos/https%3A%2F%2Fgithub.com%2Flevpaul%2Fbevy_boiler" "/workspace/builds/worker-0-tc2/source", kill_on_drop: false }`
[INFO] [stderr] Cloning into '/workspace/builds/worker-0-tc2/source'...
[INFO] [stderr] done.
[INFO] started tweaking git repo https://github.com/levpaul/bevy_boiler
[INFO] finished tweaking git repo https://github.com/levpaul/bevy_boiler
[INFO] tweaked toml for git repo https://github.com/levpaul/bevy_boiler written to /workspace/builds/worker-0-tc2/source/Cargo.toml
[INFO] validating manifest of git repo https://github.com/levpaul/bevy_boiler on toolchain 40527f3e444fde1deb361751bdef9b9e11d1b971
[INFO] running `Command { std: CARGO_HOME="/workspace/cargo-home" RUSTUP_HOME="/workspace/rustup-home" "/workspace/cargo-home/bin/cargo" "+40527f3e444fde1deb361751bdef9b9e11d1b971" "metadata" "--manifest-path" "Cargo.toml" "--no-deps", kill_on_drop: false }`
[INFO] crate git repo https://github.com/levpaul/bevy_boiler already has a lockfile, it will not be regenerated
[INFO] running `Command { std: CARGO_HOME="/workspace/cargo-home" RUSTUP_HOME="/workspace/rustup-home" "/workspace/cargo-home/bin/cargo" "+40527f3e444fde1deb361751bdef9b9e11d1b971" "fetch" "--manifest-path" "Cargo.toml", kill_on_drop: false }`
[INFO] [stderr] warning: binary `bevy_boiler` should have a kebab-case name
[INFO] [stderr]    |
[INFO] [stderr]  1 | /workspace/builds/worker-0-tc2/source/target/.../bevy_boiler
[INFO] [stderr]    |                                                  ^^^^^^^^^^^
[INFO] [stderr]    |
[INFO] [stderr]    = note: `cargo::non_kebab_case_bins` is set to `warn` by default
[INFO] [stderr] help: to change the binary name to `bevy-boiler`, convert `package.name`
[INFO] [stderr]   --> Cargo.toml:7:8
[INFO] [stderr]    |
[INFO] [stderr]  7 - name = "bevy_boiler"
[INFO] [stderr]  7 + name = "bevy-boiler"
[INFO] [stderr]    |
[INFO] [stderr] help: to change the binary name to `bevy-boiler`, specify `bin.name`
[INFO] [stderr]   --> Cargo.toml:8:19
[INFO] [stderr]    |
[INFO] [stderr]  8 ~ version = "0.1.0"
[INFO] [stderr]  9 + [[bin]]
[INFO] [stderr] 10 + name = "bevy-boiler"
[INFO] [stderr] 11 + path = "src/main.rs"
[INFO] [stderr]    |
[INFO] [stderr] warning: `bevy_boiler` (manifest) generated 1 warning
[INFO] [stderr]     Blocking waiting for file lock on package cache
[ERROR] error running command: no output for 300 seconds
[INFO] checking levpaul/bevy_boiler against 40527f3e444fde1deb361751bdef9b9e11d1b971+rustflags=--cfg crater_hack --force-warn invalid-c-variadic-arguments for pr-162478
[INFO] running `Command { std: "git" "clone" "/workspace/cache/git-repos/https%3A%2F%2Fgithub.com%2Flevpaul%2Fbevy_boiler" "/workspace/builds/worker-0-tc2/source", kill_on_drop: false }`
[INFO] [stderr] Cloning into '/workspace/builds/worker-0-tc2/source'...
[INFO] [stderr] done.
[INFO] started tweaking git repo https://github.com/levpaul/bevy_boiler
[INFO] finished tweaking git repo https://github.com/levpaul/bevy_boiler
[INFO] tweaked toml for git repo https://github.com/levpaul/bevy_boiler written to /workspace/builds/worker-0-tc2/source/Cargo.toml
[INFO] validating manifest of git repo https://github.com/levpaul/bevy_boiler on toolchain 40527f3e444fde1deb361751bdef9b9e11d1b971
[INFO] running `Command { std: CARGO_HOME="/workspace/cargo-home" RUSTUP_HOME="/workspace/rustup-home" "/workspace/cargo-home/bin/cargo" "+40527f3e444fde1deb361751bdef9b9e11d1b971" "metadata" "--manifest-path" "Cargo.toml" "--no-deps", kill_on_drop: false }`
[INFO] crate git repo https://github.com/levpaul/bevy_boiler already has a lockfile, it will not be regenerated
[INFO] running `Command { std: CARGO_HOME="/workspace/cargo-home" RUSTUP_HOME="/workspace/rustup-home" "/workspace/cargo-home/bin/cargo" "+40527f3e444fde1deb361751bdef9b9e11d1b971" "fetch" "--manifest-path" "Cargo.toml", kill_on_drop: false }`
[INFO] [stderr] warning: binary `bevy_boiler` should have a kebab-case name
[INFO] [stderr]    |
[INFO] [stderr]  1 | /workspace/builds/worker-0-tc2/source/target/.../bevy_boiler
[INFO] [stderr]    |                                                  ^^^^^^^^^^^
[INFO] [stderr]    |
[INFO] [stderr]    = note: `cargo::non_kebab_case_bins` is set to `warn` by default
[INFO] [stderr] help: to change the binary name to `bevy-boiler`, convert `package.name`
[INFO] [stderr]   --> Cargo.toml:7:8
[INFO] [stderr]    |
[INFO] [stderr]  7 - name = "bevy_boiler"
[INFO] [stderr]  7 + name = "bevy-boiler"
[INFO] [stderr]    |
[INFO] [stderr] help: to change the binary name to `bevy-boiler`, specify `bin.name`
[INFO] [stderr]   --> Cargo.toml:8:19
[INFO] [stderr]    |
[INFO] [stderr]  8 ~ version = "0.1.0"
[INFO] [stderr]  9 + [[bin]]
[INFO] [stderr] 10 + name = "bevy-boiler"
[INFO] [stderr] 11 + path = "src/main.rs"
[INFO] [stderr]    |
[INFO] [stderr] warning: `bevy_boiler` (manifest) generated 1 warning
[INFO] [stderr]     Blocking waiting for file lock on package cache
[INFO] [stderr]     Updating crates.io index
[INFO] [stderr]     Blocking waiting for file lock on package cache
[ERROR] error running command: no output for 300 seconds
[INFO] checking levpaul/bevy_boiler against 40527f3e444fde1deb361751bdef9b9e11d1b971+rustflags=--cfg crater_hack --force-warn invalid-c-variadic-arguments for pr-162478
[INFO] running `Command { std: "git" "clone" "/workspace/cache/git-repos/https%3A%2F%2Fgithub.com%2Flevpaul%2Fbevy_boiler" "/workspace/builds/worker-0-tc2/source", kill_on_drop: false }`
[INFO] [stderr] Cloning into '/workspace/builds/worker-0-tc2/source'...
[INFO] [stderr] done.
[INFO] started tweaking git repo https://github.com/levpaul/bevy_boiler
[INFO] finished tweaking git repo https://github.com/levpaul/bevy_boiler
[INFO] tweaked toml for git repo https://github.com/levpaul/bevy_boiler written to /workspace/builds/worker-0-tc2/source/Cargo.toml
[INFO] validating manifest of git repo https://github.com/levpaul/bevy_boiler on toolchain 40527f3e444fde1deb361751bdef9b9e11d1b971
[INFO] running `Command { std: CARGO_HOME="/workspace/cargo-home" RUSTUP_HOME="/workspace/rustup-home" "/workspace/cargo-home/bin/cargo" "+40527f3e444fde1deb361751bdef9b9e11d1b971" "metadata" "--manifest-path" "Cargo.toml" "--no-deps", kill_on_drop: false }`
[INFO] crate git repo https://github.com/levpaul/bevy_boiler already has a lockfile, it will not be regenerated
[INFO] running `Command { std: CARGO_HOME="/workspace/cargo-home" RUSTUP_HOME="/workspace/rustup-home" "/workspace/cargo-home/bin/cargo" "+40527f3e444fde1deb361751bdef9b9e11d1b971" "fetch" "--manifest-path" "Cargo.toml", kill_on_drop: false }`
[INFO] [stderr] warning: binary `bevy_boiler` should have a kebab-case name
[INFO] [stderr]    |
[INFO] [stderr]  1 | /workspace/builds/worker-0-tc2/source/target/.../bevy_boiler
[INFO] [stderr]    |                                                  ^^^^^^^^^^^
[INFO] [stderr]    |
[INFO] [stderr]    = note: `cargo::non_kebab_case_bins` is set to `warn` by default
[INFO] [stderr] help: to change the binary name to `bevy-boiler`, convert `package.name`
[INFO] [stderr]   --> Cargo.toml:7:8
[INFO] [stderr]    |
[INFO] [stderr]  7 - name = "bevy_boiler"
[INFO] [stderr]  7 + name = "bevy-boiler"
[INFO] [stderr]    |
[INFO] [stderr] help: to change the binary name to `bevy-boiler`, specify `bin.name`
[INFO] [stderr]   --> Cargo.toml:8:19
[INFO] [stderr]    |
[INFO] [stderr]  8 ~ version = "0.1.0"
[INFO] [stderr]  9 + [[bin]]
[INFO] [stderr] 10 + name = "bevy-boiler"
[INFO] [stderr] 11 + path = "src/main.rs"
[INFO] [stderr]    |
[INFO] [stderr] warning: `bevy_boiler` (manifest) generated 1 warning
[INFO] [stderr]     Blocking waiting for file lock on package cache
[ERROR] error running command: no output for 300 seconds
[INFO] checking levpaul/bevy_boiler against 40527f3e444fde1deb361751bdef9b9e11d1b971+rustflags=--cfg crater_hack --force-warn invalid-c-variadic-arguments for pr-162478
[INFO] running `Command { std: "git" "clone" "/workspace/cache/git-repos/https%3A%2F%2Fgithub.com%2Flevpaul%2Fbevy_boiler" "/workspace/builds/worker-0-tc2/source", kill_on_drop: false }`
[INFO] [stderr] Cloning into '/workspace/builds/worker-0-tc2/source'...
[INFO] [stderr] done.
[INFO] started tweaking git repo https://github.com/levpaul/bevy_boiler
[INFO] finished tweaking git repo https://github.com/levpaul/bevy_boiler
[INFO] tweaked toml for git repo https://github.com/levpaul/bevy_boiler written to /workspace/builds/worker-0-tc2/source/Cargo.toml
[INFO] validating manifest of git repo https://github.com/levpaul/bevy_boiler on toolchain 40527f3e444fde1deb361751bdef9b9e11d1b971
[INFO] running `Command { std: CARGO_HOME="/workspace/cargo-home" RUSTUP_HOME="/workspace/rustup-home" "/workspace/cargo-home/bin/cargo" "+40527f3e444fde1deb361751bdef9b9e11d1b971" "metadata" "--manifest-path" "Cargo.toml" "--no-deps", kill_on_drop: false }`
[INFO] crate git repo https://github.com/levpaul/bevy_boiler already has a lockfile, it will not be regenerated
[INFO] running `Command { std: CARGO_HOME="/workspace/cargo-home" RUSTUP_HOME="/workspace/rustup-home" "/workspace/cargo-home/bin/cargo" "+40527f3e444fde1deb361751bdef9b9e11d1b971" "fetch" "--manifest-path" "Cargo.toml", kill_on_drop: false }`
[INFO] [stderr] warning: binary `bevy_boiler` should have a kebab-case name
[INFO] [stderr]    |
[INFO] [stderr]  1 | /workspace/builds/worker-0-tc2/source/target/.../bevy_boiler
[INFO] [stderr]    |                                                  ^^^^^^^^^^^
[INFO] [stderr]    |
[INFO] [stderr]    = note: `cargo::non_kebab_case_bins` is set to `warn` by default
[INFO] [stderr] help: to change the binary name to `bevy-boiler`, convert `package.name`
[INFO] [stderr]   --> Cargo.toml:7:8
[INFO] [stderr]    |
[INFO] [stderr]  7 - name = "bevy_boiler"
[INFO] [stderr]  7 + name = "bevy-boiler"
[INFO] [stderr]    |
[INFO] [stderr] help: to change the binary name to `bevy-boiler`, specify `bin.name`
[INFO] [stderr]   --> Cargo.toml:8:19
[INFO] [stderr]    |
[INFO] [stderr]  8 ~ version = "0.1.0"
[INFO] [stderr]  9 + [[bin]]
[INFO] [stderr] 10 + name = "bevy-boiler"
[INFO] [stderr] 11 + path = "src/main.rs"
[INFO] [stderr]    |
[INFO] [stderr] warning: `bevy_boiler` (manifest) generated 1 warning
[INFO] [stderr]     Blocking waiting for file lock on package cache
[INFO] [stderr]     Blocking waiting for file lock on package cache
[INFO] [stderr]  Downloading crates ...
[INFO] [stderr]   Downloaded ndk-glue v0.2.1
[INFO] [stderr]   Downloaded ndk v0.2.1
[INFO] [stderr]   Downloaded bevy_internal v0.4.0
[INFO] [stderr]   Downloaded bevy v0.4.0
[INFO] [stderr]   Downloaded android_logger v0.8.6
[INFO] [stderr]   Downloaded thiserror v1.0.22
[INFO] [stderr]   Downloaded num_enum_derive v0.4.3
[INFO] [stderr]   Downloaded android_log-sys v0.1.2
[INFO] [stderr]   Downloaded bevy_winit v0.4.0
[INFO] [stderr]   Downloaded bevy_utils v0.4.0
[INFO] [stderr]   Downloaded bevy_math v0.4.0
[INFO] [stderr]   Downloaded bevy_reflect_derive v0.4.0
[INFO] [stderr]   Downloaded thiserror-impl v1.0.22
[INFO] [stderr]   Downloaded num_enum v0.4.3
[INFO] [stderr]   Downloaded fixedbitset v0.3.1
[INFO] [stderr]   Downloaded bevy_tasks v0.4.0
[INFO] [stderr]   Downloaded bevy_input v0.4.0
[INFO] [stderr]   Downloaded core-graphics v0.22.2
[INFO] [stderr]   Downloaded tracing-attributes v0.1.11
[INFO] [stderr]   Downloaded pin-project-lite v0.2.0
[INFO] [stderr]   Downloaded find-crate v0.6.1
[INFO] [stderr]   Downloaded fastrand v1.4.0
[INFO] [stderr]   Downloaded async-executor v1.4.0
[INFO] [stderr]   Downloaded bevy_app v0.4.0
[INFO] [stderr]   Downloaded gfx-descriptor v0.2.0
[INFO] [stderr]   Downloaded typed-arena v2.0.1
[INFO] [stderr]   Downloaded wasm-bindgen-futures v0.4.19
[INFO] [stderr]   Downloaded smallvec v1.5.1
[INFO] [stderr]   Downloaded bevy_window v0.4.0
[INFO] [stderr]   Downloaded erased-serde v0.3.12
[INFO] [stderr]   Downloaded derivative v2.1.1
[INFO] [stderr]   Downloaded bevy_ecs_macros v0.4.0
[INFO] [stderr]   Downloaded gfx-memory v0.2.2
[INFO] [stderr]   Downloaded storage-map v0.3.0
[INFO] [stderr]   Downloaded wgpu-types v0.6.1
[INFO] [stderr]   Downloaded inplace_it v0.3.2
[INFO] [stderr]   Downloaded gfx-backend-empty v0.6.0
[INFO] [stderr]   Downloaded futures-io v0.3.8
[INFO] [stderr]   Downloaded bevy_derive v0.4.0
[INFO] [stderr]   Downloaded bevy_reflect v0.4.0
[INFO] [stderr]   Downloaded d3d12 v0.3.2
[INFO] [stderr]   Downloaded bevy_log v0.4.0
[INFO] [stderr]   Downloaded ab_glyph_rasterizer v0.1.4
[INFO] [stderr]   Downloaded spirv_headers v1.5.0
[INFO] [stderr]   Downloaded bevy_scene v0.4.0
[INFO] [stderr]   Downloaded futures-core v0.3.8
[INFO] [stderr]   Downloaded tracing-wasm v0.1.0
[INFO] [stderr]   Downloaded bevy_pbr v0.4.0
[INFO] [stderr]   Downloaded thunderdome v0.3.0
[INFO] [stderr]   Downloaded futures-task v0.3.8
[INFO] [stderr]   Downloaded fsevent v2.0.2
[INFO] [stderr]   Downloaded async-channel v1.5.1
[INFO] [stderr]   Downloaded range-alloc v0.1.1
[INFO] [stderr]   Downloaded gfx-auxil v0.7.0
[INFO] [stderr]   Downloaded futures-sink v0.3.8
[INFO] [stderr]   Downloaded futures-macro v0.3.8
[INFO] [stderr]   Downloaded shaderc v0.7.0
[INFO] [stderr]   Downloaded bevy_core v0.4.0
[INFO] [stderr]   Downloaded bevy_transform v0.4.0
[INFO] [stderr]   Downloaded tracing-log v0.1.1
[INFO] [stderr]   Downloaded ahash v0.6.2
[INFO] [stderr]   Downloaded js-sys v0.3.46
[INFO] [stderr]   Downloaded vec-arena v1.0.0
[INFO] [stderr]   Downloaded bevy_sprite v0.4.0
[INFO] [stderr]   Downloaded bevy_wgpu v0.4.0
[INFO] [stderr]   Downloaded inotify-sys v0.1.4
[INFO] [stderr]   Downloaded fsevent-sys v3.0.2
[INFO] [stderr]   Downloaded filetime v0.2.13
[INFO] [stderr]   Downloaded bevy_diagnostic v0.4.0
[INFO] [stderr]   Downloaded bevy_ui v0.4.0
[INFO] [stderr]   Downloaded bevy_text v0.4.0
[INFO] [stderr]   Downloaded bevy_gltf v0.4.0
[INFO] [stderr]   Downloaded gltf-derive v0.15.2
[INFO] [stderr]   Downloaded pin-project-internal v1.0.2
[INFO] [stderr]   Downloaded futures-executor v0.3.8
[INFO] [stderr]   Downloaded bytemuck v1.4.1
[INFO] [stderr]   Downloaded loom v0.3.6
[INFO] [stderr]   Downloaded gilrs-core v0.3.0
[INFO] [stderr]   Downloaded bevy_asset v0.4.0
[INFO] [stderr]   Downloaded anyhow v1.0.36
[INFO] [stderr]   Downloaded bevy_gilrs v0.4.0
[INFO] [stderr]   Downloaded bevy_ecs v0.4.0
[INFO] [stderr]   Downloaded futures-lite v1.11.3
[INFO] [stderr]   Downloaded x11 v2.18.2
[INFO] [stderr]   Downloaded futures v0.3.8
[INFO] [stderr]   Downloaded futures-channel v0.3.8
[INFO] [stderr]   Downloaded glyph_brush_layout v0.2.1
[INFO] [stderr]   Downloaded ab_glyph v0.2.7
[INFO] [stderr]   Downloaded rectangle-pack v0.2.0
[INFO] [stderr]   Downloaded gltf-json v0.15.2
[INFO] [stderr]   Downloaded owned_ttf_parser v0.9.0
[INFO] [stderr]   Downloaded generator v0.6.23
[INFO] [stderr]   Downloaded gfx-backend-vulkan v0.6.5
[INFO] [stderr]   Downloaded hexasphere v3.1.0
[INFO] [stderr]   Downloaded ron v0.6.4
[INFO] [stderr]   Downloaded gfx-hal v0.6.0
[INFO] [stderr]   Downloaded standback v0.2.13
[INFO] [stderr]   Downloaded notify v5.0.0-pre.4
[INFO] [stderr]   Downloaded guillotiere v0.6.0
[INFO] [stderr]   Downloaded gltf v0.15.2
[INFO] [stderr]   Downloaded bevy_dynamic_plugin v0.4.0
[INFO] [stderr]   Downloaded chunked_transfer v1.3.0
[INFO] [stderr]   Downloaded spirv-reflect v0.2.3
[INFO] [stderr]   Downloaded glam v0.11.2
[INFO] [stderr]   Downloaded gfx-backend-dx12 v0.6.13
[INFO] [stderr]   Downloaded gfx-backend-dx11 v0.6.17
[INFO] [stderr]   Downloaded pin-project v1.0.2
[INFO] [stderr]   Downloaded bevy_render v0.4.0
[INFO] [stderr]   Downloaded tinyvec v1.1.0
[INFO] [stderr]   Downloaded euclid v0.22.1
[INFO] [stderr]   Downloaded gilrs v0.8.0
[INFO] [stderr]   Downloaded naga v0.2.0
[INFO] [stderr]   Downloaded jni v0.17.0
[INFO] [stderr]   Downloaded oboe-sys v0.3.0
[INFO] [stderr]   Downloaded sharded-slab v0.1.0
[INFO] [stderr]   Downloaded tar v0.4.30
[INFO] [stderr]   Downloaded bevy_audio v0.4.0
[INFO] [stderr]   Downloaded wgpu v0.6.2
[INFO] [stderr]   Downloaded wgpu-core v0.6.5
[INFO] [stderr]   Downloaded alsa v0.4.3
[INFO] [stderr]   Downloaded gfx-backend-metal v0.6.5
[INFO] [stderr]   Downloaded tracing-subscriber v0.2.15
[INFO] [stderr]   Downloaded ureq v1.5.4
[INFO] [stderr]   Downloaded ttf-parser v0.9.0
[INFO] [stderr]   Downloaded futures-util v0.3.8
[INFO] [stderr]   Downloaded combine v4.4.0
[INFO] [stderr]   Downloaded image v0.23.12
[INFO] [stderr]   Downloaded libflate_lz77 v1.0.0
[INFO] [stderr]   Downloaded fetch_unroll v0.2.2
[INFO] [stderr]   Downloaded const_fn v0.4.4
[INFO] [stderr]   Downloaded minimp3 v0.5.0
[INFO] [stderr]   Downloaded cookie_store v0.12.0
[INFO] [stderr]   Downloaded libflate v1.0.3
[INFO] [stderr]   Downloaded oboe v0.3.1
[INFO] [stderr]   Downloaded ash v0.31.0
[INFO] [stderr]   Downloaded winit v0.24.0
[INFO] [stderr]   Downloaded spirv_cross v0.22.2
[INFO] [stderr]   Downloaded jni v0.14.0
[INFO] [stderr]   Downloaded cpal v0.13.1
[INFO] [stderr]   Downloaded time v0.2.23
[INFO] [stderr]   Downloaded web-sys v0.3.46
[INFO] [stderr]   Downloaded metal v0.20.0
[INFO] [stderr]   Downloaded ring v0.16.19
[INFO] [stderr]   Downloaded shaderc-sys v0.7.0
[INFO] [stderr]   Downloaded rodio v0.13.0
[INFO] [stderr]   Downloaded bevy-glsl-to-spirv v0.2.1
[INFO] running `Command { std: "docker" "create" "-v" "/var/lib/crater-agent-workspace/builds/worker-0-tc2/source:/opt/rustwide/workdir:ro,Z" "-v" "/var/lib/crater-agent-workspace/builds/worker-0-tc2/target:/opt/rustwide/target:rw,Z" "-v" "/var/lib/crater-agent-workspace/cargo-home:/opt/rustwide/cargo-home:ro,Z" "-v" "/var/lib/crater-agent-workspace/rustup-home:/opt/rustwide/rustup-home:ro,Z" "-m" "1610612736" "--network" "none" "ghcr.io/rust-lang/crates-build-env/linux@sha256:8683fc1fc2eb5c9ac98e0d076ab094b2ffac7f99da555d2b6a2e27f346de2ec7" "sleep" "infinity", kill_on_drop: false }`
[INFO] [stdout] 09c0bbb4b411faa54a924d984eec0e6c73721de6f9c36f7ce58644e008cc868b
[INFO] running `Command { std: "docker" "start" "09c0bbb4b411faa54a924d984eec0e6c73721de6f9c36f7ce58644e008cc868b", kill_on_drop: false }`
[INFO] running `Command { std: "docker" "inspect" "09c0bbb4b411faa54a924d984eec0e6c73721de6f9c36f7ce58644e008cc868b", kill_on_drop: false }`
[INFO] running `Command { std: "docker" "exec" "-e" "SOURCE_DIR=/opt/rustwide/workdir" "-e" "CARGO_HOME=/opt/rustwide/cargo-home" "-e" "RUSTUP_HOME=/opt/rustwide/rustup-home" "-e" "CARGO_TARGET_DIR=/opt/rustwide/target" "-w" "/opt/rustwide/workdir" "--user" "0:0" "09c0bbb4b411faa54a924d984eec0e6c73721de6f9c36f7ce58644e008cc868b" "/opt/rustwide/cargo-home/bin/cargo" "+40527f3e444fde1deb361751bdef9b9e11d1b971" "metadata" "--no-deps" "--format-version=1", kill_on_drop: false }`
[INFO] running `Command { std: "docker" "inspect" "09c0bbb4b411faa54a924d984eec0e6c73721de6f9c36f7ce58644e008cc868b", kill_on_drop: false }`
[INFO] running `Command { std: "docker" "exec" "-e" "SOURCE_DIR=/opt/rustwide/workdir" "-e" "CARGO_HOME=/opt/rustwide/cargo-home" "-e" "RUSTUP_HOME=/opt/rustwide/rustup-home" "-e" "CARGO_TARGET_DIR=/opt/rustwide/target" "-e" "CARGO_INCREMENTAL=0" "-e" "RUST_BACKTRACE=full" "-e" "RUSTFLAGS=--cap-lints=forbid --cfg crater_hack --force-warn invalid-c-variadic-arguments" "-e" "RUSTDOCFLAGS=--cap-lints=forbid" "-w" "/opt/rustwide/workdir" "--user" "0:0" "09c0bbb4b411faa54a924d984eec0e6c73721de6f9c36f7ce58644e008cc868b" "/opt/rustwide/cargo-home/bin/cargo" "+40527f3e444fde1deb361751bdef9b9e11d1b971" "check" "--frozen" "--all" "--all-targets" "--message-format=json", kill_on_drop: false }`
[INFO] [stderr] warning: binary `bevy_boiler` should have a kebab-case name
[INFO] [stderr]    |
[INFO] [stderr]  1 | /opt/rustwide/target/.../bevy_boiler
[INFO] [stderr]    |                          ^^^^^^^^^^^
[INFO] [stderr]    |
[INFO] [stderr]    = note: `cargo::non_kebab_case_bins` is set to `warn` by default
[INFO] [stderr] help: to change the binary name to `bevy-boiler`, convert `package.name`
[INFO] [stderr]   --> Cargo.toml:7:8
[INFO] [stderr]    |
[INFO] [stderr]  7 - name = "bevy_boiler"
[INFO] [stderr]  7 + name = "bevy-boiler"
[INFO] [stderr]    |
[INFO] [stderr] help: to change the binary name to `bevy-boiler`, specify `bin.name`
[INFO] [stderr]   --> Cargo.toml:8:19
[INFO] [stderr]    |
[INFO] [stderr]  8 ~ version = "0.1.0"
[INFO] [stderr]  9 + [[bin]]
[INFO] [stderr] 10 + name = "bevy-boiler"
[INFO] [stderr] 11 + path = "src/main.rs"
[INFO] [stderr]    |
[INFO] [stderr] warning: `bevy_boiler` (manifest) generated 1 warning
[INFO] [stderr]    Compiling libc v0.2.81
[INFO] [stderr]    Compiling proc-macro2 v1.0.24
[INFO] [stderr]    Compiling syn v1.0.55
[INFO] [stderr]    Compiling serde_derive v1.0.118
[INFO] [stderr]    Compiling serde v1.0.118
[INFO] [stderr]    Compiling getrandom v0.1.15
[INFO] [stderr]    Compiling memchr v2.3.4
[INFO] [stderr]     Checking futures-core v0.3.8
[INFO] [stderr]     Checking pin-project-lite v0.2.0
[INFO] [stderr]     Checking tracing-core v0.1.17
[INFO] [stderr]     Checking instant v0.1.9
[INFO] [stderr]     Checking once_cell v1.5.2
[INFO] [stderr]     Checking futures-io v0.3.8
[INFO] [stderr]    Compiling log v0.4.11
[INFO] [stderr]     Checking lock_api v0.4.2
[INFO] [stderr]     Checking cache-padded v1.1.1
[INFO] [stderr]    Compiling getrandom v0.2.0
[INFO] [stderr]    Compiling ahash v0.6.2
[INFO] [stderr]     Checking fastrand v1.4.0
[INFO] [stderr]     Checking concurrent-queue v1.2.2
[INFO] [stderr]    Compiling num-traits v0.2.14
[INFO] [stderr]     Checking event-listener v2.5.1
[INFO] [stderr]     Checking vec-arena v1.0.0
[INFO] [stderr]     Checking async-task v4.0.3
[INFO] [stderr]    Compiling pkg-config v0.3.19
[INFO] [stderr]     Checking async-channel v1.5.1
[INFO] [stderr]    Compiling ppv-lite86 v0.2.10
[INFO] [stderr]     Checking fixedbitset v0.3.1
[INFO] [stderr]    Compiling glam v0.11.2
[INFO] [stderr]    Compiling num-integer v0.1.44
[INFO] [stderr]    Compiling anyhow v1.0.36
[INFO] [stderr]     Checking crossbeam-channel v0.4.4
[INFO] [stderr]    Compiling crc32fast v1.2.1
[INFO] [stderr]    Compiling num-rational v0.3.2
[INFO] [stderr]    Compiling num-iter v0.1.42
[INFO] [stderr]     Checking deflate v0.8.6
[INFO] [stderr]    Compiling bevy-glsl-to-spirv v0.2.1
[INFO] [stderr]     Checking futures-lite v1.11.3
[INFO] [stderr]     Checking bytemuck v1.4.1
[INFO] [stderr]    Compiling proc-macro-hack v0.5.19
[INFO] [stderr]    Compiling proc-macro-nested v0.1.6
[INFO] [stderr]     Checking hex v0.4.2
[INFO] [stderr]    Compiling serde_json v1.0.60
[INFO] [stderr]     Checking fxhash v0.2.1
[INFO] [stderr]    Compiling alsa-sys v0.3.1
[INFO] [stderr]    Compiling x11 v2.18.2
[INFO] [stderr]     Checking libloading v0.6.6
[INFO] [stderr]    Compiling quote v1.0.8
[INFO] [stderr]     Checking itoa v0.4.6
[INFO] [stderr]     Checking png v0.16.8
[INFO] [stderr]    Compiling nix v0.15.0
[INFO] [stderr]     Checking futures-sink v0.3.8
[INFO] [stderr]     Checking futures-channel v0.3.8
[INFO] [stderr]    Compiling libudev-sys v0.1.4
[INFO] [stderr]    Compiling x11-dl v2.18.5
[INFO] [stderr]     Checking futures-task v0.3.8
[INFO] [stderr]     Checking num_cpus v1.13.0
[INFO] [stderr]     Checking net2 v0.2.37
[INFO] [stderr]     Checking rand_core v0.5.1
[INFO] [stderr]     Checking iovec v0.1.4
[INFO] [stderr]     Checking inotify-sys v0.1.4
[INFO] [stderr]     Checking filetime v0.2.13
[INFO] [stderr]     Checking raw-window-handle v0.3.3
[INFO] [stderr]    Compiling nix v0.18.0
[INFO] [stderr]     Checking ttf-parser v0.9.0
[INFO] [stderr]     Checking async-executor v1.4.0
[INFO] [stderr]     Checking rand_chacha v0.2.2
[INFO] [stderr]     Checking gfx-hal v0.6.0
[INFO] [stderr]     Checking arrayvec v0.5.2
[INFO] [stderr]     Checking regex-syntax v0.6.21
[INFO] [stderr]     Checking mio v0.6.23
[INFO] [stderr]     Checking inotify v0.8.3
[INFO] [stderr]     Checking spirv_headers v1.5.0
[INFO] [stderr]     Checking euclid v0.22.1
[INFO] [stderr]     Checking rand v0.7.3
[INFO] [stderr]     Checking bevy_tasks v0.4.0
[INFO] [stderr]    Compiling jobserver v0.1.21
[INFO] [stderr]     Checking mio-extras v2.0.6
[INFO] [stderr]     Checking ash v0.31.0
[INFO] [stderr]     Checking image v0.23.12
[INFO] [stderr]     Checking ab_glyph_rasterizer v0.1.4
[INFO] [stderr]    Compiling cc v1.0.66
[INFO] [stderr]     Checking inplace_it v0.3.2
[INFO] [stderr]     Checking notify v5.0.0-pre.4
[INFO] [stderr]    Compiling cpal v0.13.1
[INFO] [stderr]     Checking guillotiere v0.6.0
[INFO] [stderr]     Checking approx v0.4.0
[INFO] [stderr]     Checking time v0.1.44
[INFO] [stderr]     Checking slice-deque v0.3.0
[INFO] [stderr]     Checking owned_ttf_parser v0.9.0
[INFO] [stderr]     Checking aho-corasick v0.7.15
[INFO] [stderr]     Checking wgpu-types v0.6.1
[INFO] [stderr]     Checking ab_glyph v0.2.7
[INFO] [stderr]     Checking regex-automata v0.1.9
[INFO] [stderr]     Checking thread_local v1.0.1
[INFO] [stderr]    Compiling spirv-reflect v0.2.3
[INFO] [stderr]    Compiling minimp3-sys v0.3.2
[INFO] [stderr]     Checking rectangle-pack v0.2.0
[INFO] [stderr]     Checking glyph_brush_layout v0.2.1
[INFO] [stderr]     Checking chrono v0.4.19
[INFO] [stderr]     Checking tracing-log v0.1.1
[INFO] [stderr]     Checking sharded-slab v0.1.0
[INFO] [stderr]     Checking typed-arena v2.0.1
[INFO] [stderr]     Checking regex v1.4.2
[INFO] [stderr]     Checking stretch v0.3.2
[INFO] [stderr]     Checking base64 v0.12.3
[INFO] [stderr]     Checking gfx-descriptor v0.2.0
[INFO] [stderr]     Checking gfx-backend-empty v0.6.0
[INFO] [stderr]     Checking gfx-memory v0.2.2
[INFO] [stderr]     Checking matchers v0.0.1
[INFO] [stdout] error: CRATER ERROR: C-variadic argument with type `AtFlags`.
[INFO] [stdout]    --> /opt/rustwide/cargo-home/registry/src/index.crates.io-1949cf8c6b5b557f/nix-0.15.0/src/unistd.rs:800:56
[INFO] [stdout]     |
[INFO] [stdout] 800 |                       args_p.as_ptr(), env_p.as_ptr(), flags);
[INFO] [stdout]     |                                                        ^^^^^
[INFO] [stdout] 
[INFO] [stdout] 
[INFO] [stdout] warning: type `AtFlags` does not implement `VaArgSafe`
[INFO] [stdout]    --> /opt/rustwide/cargo-home/registry/src/index.crates.io-1949cf8c6b5b557f/nix-0.15.0/src/unistd.rs:800:56
[INFO] [stdout]     |
[INFO] [stdout] 800 |                       args_p.as_ptr(), env_p.as_ptr(), flags);
[INFO] [stdout]     |                                                        ^^^^^
[INFO] [stdout]     |
[INFO] [stdout]     = note: values passed as C-variadic arguments must implement `core::ffi::VaArgSafe`
[INFO] [stdout]     = warning: this was previously accepted by the compiler but is being phased out; it will become a hard error in a future release!
[INFO] [stdout]     = note: for more information, see issue #162483 <https://github.com/rust-lang/rust/issues/162483>
[INFO] [stdout]     = note: requested on the command line with `--force-warn invalid-c-variadic-arguments`
[INFO] [stdout] 
[INFO] [stdout] 
[INFO] [stderr] error: could not compile `nix` (lib) due to 1 previous error; 1 warning emitted
[INFO] [stderr] warning: build failed, waiting for other jobs to finish...
[INFO] [stdout] error: CRATER ERROR: C-variadic argument with type `AtFlags`.
[INFO] [stdout]    --> /opt/rustwide/cargo-home/registry/src/index.crates.io-1949cf8c6b5b557f/nix-0.18.0/src/unistd.rs:853:56
[INFO] [stdout]     |
[INFO] [stdout] 853 |                       args_p.as_ptr(), env_p.as_ptr(), flags);
[INFO] [stdout]     |                                                        ^^^^^
[INFO] [stdout] 
[INFO] [stdout] 
[INFO] [stdout] warning: type `AtFlags` does not implement `VaArgSafe`
[INFO] [stdout]    --> /opt/rustwide/cargo-home/registry/src/index.crates.io-1949cf8c6b5b557f/nix-0.18.0/src/unistd.rs:853:56
[INFO] [stdout]     |
[INFO] [stdout] 853 |                       args_p.as_ptr(), env_p.as_ptr(), flags);
[INFO] [stdout]     |                                                        ^^^^^
[INFO] [stdout]     |
[INFO] [stdout]     = note: values passed as C-variadic arguments must implement `core::ffi::VaArgSafe`
[INFO] [stdout]     = warning: this was previously accepted by the compiler but is being phased out; it will become a hard error in a future release!
[INFO] [stdout]     = note: for more information, see issue #162483 <https://github.com/rust-lang/rust/issues/162483>
[INFO] [stdout]     = note: requested on the command line with `--force-warn invalid-c-variadic-arguments`
[INFO] [stdout] 
[INFO] [stdout] 
[INFO] [stderr] error: could not compile `nix` (lib) due to 1 previous error; 1 warning emitted
[INFO] running `Command { std: "docker" "inspect" "09c0bbb4b411faa54a924d984eec0e6c73721de6f9c36f7ce58644e008cc868b", kill_on_drop: false }`
[INFO] running `Command { std: "docker" "rm" "-f" "09c0bbb4b411faa54a924d984eec0e6c73721de6f9c36f7ce58644e008cc868b", kill_on_drop: false }`
[INFO] [stdout] 09c0bbb4b411faa54a924d984eec0e6c73721de6f9c36f7ce58644e008cc868b
